{"id":235,"date":"2025-07-20T13:16:39","date_gmt":"2025-07-20T11:16:39","guid":{"rendered":"https:\/\/bcbud.no\/nmkgol\/?post_type=product&#038;p=235"},"modified":"2025-07-20T13:16:39","modified_gmt":"2025-07-20T11:16:39","slug":"006-arild-olderlokken-volkswagen-boble-statoil-vaga-nmk-nord-gudbrandsdal","status":"publish","type":"product","link":"https:\/\/dev.bcbud.no\/nmkgol\/produkt\/006-arild-olderlokken-volkswagen-boble-statoil-vaga-nmk-nord-gudbrandsdal\/","title":{"rendered":"006 &#8211; Arild Olderl\u00f8kken &#8211; Volkswagen Boble Statoil V\u00e5g\u00e5 &#8211; NMK Nord &#8211; Gudbrandsdal"},"content":{"rendered":"","protected":false},"excerpt":{"rendered":"","protected":false},"featured_media":0,"template":"","meta":{"_acf_changed":false},"product_brand":[],"product_cat":[],"product_tag":[],"class_list":{"0":"post-235","1":"product","2":"type-product","3":"status-publish","6":"first","7":"instock","8":"shipping-taxable","9":"product-type-simple"},"acf":[],"_links":{"self":[{"href":"https:\/\/dev.bcbud.no\/nmkgol\/wp-json\/wp\/v2\/product\/235","targetHints":{"allow":["GET"]}}],"collection":[{"href":"https:\/\/dev.bcbud.no\/nmkgol\/wp-json\/wp\/v2\/product"}],"about":[{"href":"https:\/\/dev.bcbud.no\/nmkgol\/wp-json\/wp\/v2\/types\/product"}],"wp:attachment":[{"href":"https:\/\/dev.bcbud.no\/nmkgol\/wp-json\/wp\/v2\/media?parent=235"}],"wp:term":[{"taxonomy":"product_brand","embeddable":true,"href":"https:\/\/dev.bcbud.no\/nmkgol\/wp-json\/wp\/v2\/product_brand?post=235"},{"taxonomy":"product_cat","embeddable":true,"href":"https:\/\/dev.bcbud.no\/nmkgol\/wp-json\/wp\/v2\/product_cat?post=235"},{"taxonomy":"product_tag","embeddable":true,"href":"https:\/\/dev.bcbud.no\/nmkgol\/wp-json\/wp\/v2\/product_tag?post=235"}],"curies":[{"name":"wp","href":"https:\/\/api.w.org\/{rel}","templated":true}]}}