{"id":244,"date":"2025-07-20T13:16:41","date_gmt":"2025-07-20T11:16:41","guid":{"rendered":"https:\/\/bcbud.no\/nmkgol\/?post_type=product&#038;p=244"},"modified":"2025-07-20T13:16:41","modified_gmt":"2025-07-20T11:16:41","slug":"015-solve-ostbo-volkswagen-golf-ostbo-motorspo-nmk-vikedal","status":"publish","type":"product","link":"https:\/\/dev.bcbud.no\/nmkgol\/produkt\/015-solve-ostbo-volkswagen-golf-ostbo-motorspo-nmk-vikedal\/","title":{"rendered":"015 &#8211; S\u00f8lve \u00d8stb\u00f8 &#8211; Volkswagen Golf \u00d8stb\u00f8 motorspo &#8211; NMK Vikedal"},"content":{"rendered":"","protected":false},"excerpt":{"rendered":"","protected":false},"featured_media":0,"template":"","meta":{"_acf_changed":false},"product_brand":[],"product_cat":[],"product_tag":[],"class_list":{"0":"post-244","1":"product","2":"type-product","3":"status-publish","6":"first","7":"instock","8":"shipping-taxable","9":"product-type-simple"},"acf":[],"_links":{"self":[{"href":"https:\/\/dev.bcbud.no\/nmkgol\/wp-json\/wp\/v2\/product\/244","targetHints":{"allow":["GET"]}}],"collection":[{"href":"https:\/\/dev.bcbud.no\/nmkgol\/wp-json\/wp\/v2\/product"}],"about":[{"href":"https:\/\/dev.bcbud.no\/nmkgol\/wp-json\/wp\/v2\/types\/product"}],"wp:attachment":[{"href":"https:\/\/dev.bcbud.no\/nmkgol\/wp-json\/wp\/v2\/media?parent=244"}],"wp:term":[{"taxonomy":"product_brand","embeddable":true,"href":"https:\/\/dev.bcbud.no\/nmkgol\/wp-json\/wp\/v2\/product_brand?post=244"},{"taxonomy":"product_cat","embeddable":true,"href":"https:\/\/dev.bcbud.no\/nmkgol\/wp-json\/wp\/v2\/product_cat?post=244"},{"taxonomy":"product_tag","embeddable":true,"href":"https:\/\/dev.bcbud.no\/nmkgol\/wp-json\/wp\/v2\/product_tag?post=244"}],"curies":[{"name":"wp","href":"https:\/\/api.w.org\/{rel}","templated":true}]}}